61 - 3?
4b245b
In base 6, what is 41010 + 4034?
45044
In base 6, what is -1013300 + 540344?
-32512
In base 7, what is 11623516630 - 4?
11623516623
In base 11, what is -1103 - 10330?
-11433
In base 7, what is -14256 - -11206?
-3050
In base 8, what is 23 - -6602557?
6602602
In base 16, what is -525396 + -5b?
-5253f1
In base 10, what is -1265442 - 10?
-1265452
In base 14, what is 0 + 934325?
934325
In base 15, what is -17 + 3e3?
3cb
In base 9, what is -5405 - -27648?
22243
In base 16, what is 4b9 - bf6c?
-bab3
In base 14, what is -297 + -2603?
-289a
In base 6, what is -22210031 + 1?
-22210030
In base 11, what is -18a0a946 - -2?
-18a0a944
In base 12, what is 9823 - -59?
9880
In base 16, what is 12aee2 + 79?
12af5b
In base 13, what is 78742 + 12?
78754
In base 12, what is 4 - -76930b?
769313
In base 15, what is 21c2e3 + -4?
21c2de
In base 12, what is -2411521 + -6?
-2411527
In base 8, what is 27 + 1224367?
1224416
In base 3, what is -121 - 2102002102210?
-2102002110101
In base 5, what is -2244212 + 1400?
-2242312
In base 2, what is -11010011110001111001 - 1011011?
-11010011110011010100
In base 12, what is -2a2 + -3686b6?
-368998
In base 8, what is -3 - -45075076?
45075073
In base 11, what is 26a05 - 463?
26552
In base 9, what is 7828418 - 6?
7828412
In base 16, what is 273ebd + -4?
273eb9
In base 4, what is -1120030 - -111332030?
110212000
In base 9, what is -15123280 - 16?
-15123306
In base 16, what is 0 + -73e700a?
-73e700a
In base 12, what is 133594a2 + 2?
133594a4
In base 4, what is 2213003001 + -1?
2213003000
In base 16, what is -249b8913 - 5?
-249b8918
In base 11, what is 221 - -260497?
260708
In base 5, what is -12440 + -10304010?
-10322000
In base 3, what is -11 + 201111010211?
201111010200
In base 2, what is 1011001010001 - 1011100011101?
-11001100
In base 8, what is -7765 + 420?
-7345
In base 9, what is 7 - 3065227?
-3065220
In base 3, what is -20 + 122011000002021?
122011000002001
In base 14, what is 6 - 21014a?
-210144
In base 7, what is -20220 - 2465?
-23015
In base 6, what is -5054420120 + 5?
-5054420111
In base 9, what is 836 - -2678?
3625
In base 2, what is 100 + 10001010100001101010100000?
10001010100001101010100100
In base 9, what is -17134 + 583?
-16441
In base 4, what is -1010310 - -201221330?
200211020
In base 7, what is -2 - -22401430?
22401425
In base 6, what is 15 + 12411541?
12412000
In base 3, what is 10222212201201222 + 11?
10222212201202010
In base 10, what is -17793 + 10904?
-6889
In base 7, what is 100 + -35445051?
-35444651
In base 9, what is -427 - 460826?
-461354
In base 11, what is -7546 + -737?
-8182
In base 15, what is -5 - 23d7a?
-23d80
In base 13, what is 3c - -325b47?
325b86
In base 13, what is b84 - -2520?
33a4
In base 8, what is 76612251 - -20?
76612271
In base 11, what is -10331 - 10356?
-20687
In base 3, what is -11211102012 + -21020?
-11211200102
In base 6, what is 324 - 120301402?
-120301034
In base 4, what is -2033111 + 300?
-2032211
In base 16, what is -1e34 + 7346?
5512
In base 12, what is -10002 + -3?
-10005
In base 11, what is 33 + 3a52?
3a85
In base 13, what is -3 + -4856183?
-4856186
In base 7, what is 662432252 + 2?
662432254
In base 5, what is -221434200310 - 3?
-221434200313
In base 4, what is 0 + -100201301132?
-100201301132
In base 10, what is 359 - -58413?
58772
In base 15, what is 4327087 - 4?
4327083
In base 9, what is -467 + -241270?
-241747
In base 4, what is 321213021 + -311?
321212110
In base 6, what is -14300 + 13335113?
13320413
In base 9, what is -5 + 5873536?
5873531
In base 11, what is a - -2a24a882?
2a24a891
In base 14, what is -3 - -3367db?
3367d8
In base 12, what is a37 - 1399?
-562
In base 10, what is 53414 + 197?
53611
In base 2, what is -1100011101001 - -10110?
-1100011010011
In base 10, what is -174 - 26802?
-26976
In base 9, what is 78 + -153766?
-153677
In base 16, what is a - -8069446?
8069450
In base 9, what is -4713 + -25053?
-30766
In base 7, what is -2 - 1405034505?
-1405034510
In base 10, what is -3 + -241584408?
-241584411
In base 13, what is 4ccba59 - c?
4ccba4a
In base 15, what is -2 + 375515d?
375515b
In base 4, what is 20110032320 + 11?
20110032331
In base 4, what is 103032123222 - -133?
103032130021
In base 14, what is -5 + -61c049?
-61c050
In base 14, what is 0 - -1049bb4d?
1049bb4d
In base 6, what is -555420 + -210100?
-1205520
In base 6, what is -3051020 - -1033?
-3045543
In base 3, what is 22 - -2010101101102?
2010101101201
In base 11, what is 2 + -45538017?
-45538015
In base 6, what is -13410155 + 14?
-13410141
In base 9, what is 1846 + -17404?
-15447
In base 3, what is 1120221102212212 - 1?
1120221102212211
In base 16, what is 17268ee + -4?
17268ea
In base 13, what is -1c - 2c73a9?
-2c73c8
In base 16, what is 4 + -1598fe9?
-1598fe5
In base 13, what is 4079b + 591b?
463b9
In base 13, what is 136835c2 + 1?
136835c3
In base 8, what is 6535 - 35364?
-26627
In base 9, what is 11175017 + -16?
11175001
In base 3, what is 110022022 + 12020102?
122112201
In base 12, what is -877 + -2b8a?
-3845
In base 7, what is -6 + -1001020256?
-1001020265
In base 7, what is 21 + 12065650?
12066001
In base 11, what is 2a42a747 - 3?
2a42a744
In base 2, what is -1111111101110111101000110 - -10000?
-1111111101110111100110110
In base 11, what is 6283 - 1976?
4408
In base 6, what is -1333241 - 40?
-1333321
In base 6, what is 1330020333 + -5?
1330020324
In base 7, what is -4 + 50641225?
50641221
In base 12, what is -3 + -3a1b2220?
-3a1b2223
In base 11, what is 63a194 + -7?
63a188
In base 2, what is 1101 - 1101111110010100?
-1101111110000111
In base 5, what is 110113040 - -212?
110113302
In base 15, what is -3b03 + -1ed?
-3d01
In base 15, what is 4 + -187751?
-18774c
In base 15, what is -14 + -33b4bd?
-33b4d2
In base 15, what is 1096739 + 12?
109674b
In base 12, what is -2 - -314712b?
3147129
In base 5, what is -423332033 - 3?
-423332041
In base 15, what is db9a96 - 0?
db9a96
In base 15, what is -44 + dc9?
d85
In base 5, what is -14012 + -1220121?
-1234133
In base 7, what is 4 + -45402622?
-45402615
In base 16, what is -2ab3e1 - 1?
-2ab3e2
In base 16, what is -3 - 1a1c2786?
-1a1c2789
In base 16, what is -4 + 38ff33?
38ff2f
In base 2, what is 111000110010000 + -101010111101101?
1101110100011
In base 9, what is 11 + 148218?
148230
In base 7, what is 22043 + -364325?
-342252
In base 5, what is 420441340 - 4?
420441331
In base 11, what is 3 - 324731a?
-3247317
In base 6, what is 1321 - -124510205?
124511530
In base 5, what is -31013230110 - -3?
-31013230102
In base 7, what is 1433 - -14523?
16256
In base 11, what is 138 - -31aa11?
320049
In base 6, what is -30224 - 134542?
-205210
In base 4, what is -2003222201110 - 11?
-2003222201121
In base 4, what is -11200232 - -3?
-11200223
In base 2, what is -1100010 + 101100110001010111110?
101100110001001011100
In base 11, what is 2813748 - -4?
2813751
In base 16, what is 27 - -e5244?
e526b
In base 6, what is 2435343020 + 4?
2435343024
In base 12, what is -35803a - 17?
-358055
In base 13, what is -91 - -684276?
6841b5
In base 7, what is 602262 + 42423?
645015
In base 2, what is 1101 + -1100001011010101000010100?
-1100001011010101000000111
In base 16, what is -4 + -151512?
-151516
In base 12, what is -5969868 + -2a?
-5969896
In base 4, what is -2213002 - 1011232?
-3230300
In base 12, what is -7771 - -a9b1?
3240
In base 7, what is -16643 - 41630?
-61603
In base 4, what is 132233313 - -12330?
132312303
In base 2, what is 10000100101110 + 110011011101?
10111000001011
In base 7, what is 665132264 - -2?
665132266
In base 9, what is -31065406 - -3?
-31065403
In base 3, what is 122020011002 - 201?
122020010101
In base 7, what is 12024142604 + 1?
12024142605
In base 14, what is 2 - 1d32774?
-1d32772
In base 12, what is 665 + 1492?
1b37
In base 11, what is -3 + 12680945?
12680942
In base 12, what is -11950355 - -6?
-1195034b
In base 9, what is -185518 - -1881?
-183527
In base 4, what is -1322 + 20200331?
20133003
In base 3, what is 10211122122 - -101020?
10212000212
In base 7, what is 4 - 1352432110?
-1352432103
In base 2, what is -100010000011 + -101011010110011?
-101111100110110
In base 15, what is a1c266 - 7?
a1c25e
In base 13, what is b8c + 5bc07?
5ca96
In base 14, what is 130 + -20d2?
-1da2
In base 3, what is 12001221200 + 100010?
12002021210
In b